 Suppose 0 = 3*y + 1936 - 7987. Suppose 0 = x - 6*x - 4*r + 3375, j = -3*x - 4*r + y. Is x a composite number?
True
Let w be (-4)/(-20)*5 - 1. Suppose -2148 = -w*v - 6*v. Is v a composite number?
True
Suppose -817 = t + 4*t - 4*f, f + 319 = -2*t. Let m = t + 276. Is m a prime number?
False
Suppose -6*k + 14 - 2 = 0. Suppose 0 = -k*s - 0*x - 3*x + 6041, 5*x = -4*s + 12081. Is s a composite number?
False
Is -2*(-27)/(-6) - -134086 composite?
False
Suppose 146208 - 36868 = 7*y. Suppose y = t + t. Suppose -4*o + t = 2270. Is o prime?
False
Let g(u) = 2*u**2 - 19 + 13 + 25 - 16*u. Is g(10) a prime number?
True
Let r = 36 + -26. Suppose -r*d + 1986 = -7*d. Is d a prime number?
False
Let m(y) = -9*y + 12 - 3 + 0. Let t be m(-11). Suppose -2*i + 112 = -w, -i - i = w - t. Is i a composite number?
True
Let c(f) = 148*f**3 + 3*f + 3. Is c(2) a composite number?
False
Suppose 3*b = -8 + 2, -b = g - 87. Suppose -4*h + 16 = -r, -r + h = -0*h + 4. Let x = g + r. Is x prime?
True
Suppose 4*d = -819 - 1221. Let j = 1501 + d. Is j prime?
True
Let t(i) = 0 + 243*i - 3 - 1. Suppose 2*x - 3*f = 19, 0*f = -x + 3*f + 14. Is t(x) prime?
False
Suppose k = q + 3*q - 10, -2*q + 6 = -k. Suppose q*j - 5*h = 588, j = 3*j - 4*h - 586. Is j a composite number?
True
Suppose 0 = 5*c - 43 + 33. Suppose -g + 345 = c*g. Is g a composite number?
True
Suppose 162015 + 476821 = 44*h. Is h composite?
False
Let l = -4214 + 9433. Is l composite?
True
Let o(z) = -6144*z**3 + 4*z + 3. Is o(-1) a composite number?
False
Suppose -185643 = -24*q + 121245. Is q prime?
False
Suppose 8*s - 952 = 760. Let y = s + -69. Is y composite?
True
Suppose 3*c - 12 = -c. Let o(d) = 0*d**2 + 7*d**2 + 4*d - 2 - 7*d**c + 8*d**3. Is o(-6) a composite number?
True
Is (-150605)/(-20) + 1 + 4/(-16) composite?
True
Suppose -5*x - 2*g + 86 = 0, -3*x + 4*g - 46 = -6*x. Let k = 21 - x. Suppose 4*m - 1392 = 5*a, 0 = k*m - 0*m - 3*a - 1047. Is m a composite number?
False
Let v = -43 - -113. Is 2/(-7) - (-13110)/v a prime number?
False
Let w(j) = 77*j + 1. Let m be w(1). Suppose m = v + 3. Let t = v + -24. Is t composite?
True
Suppose 0 = 600*n - 598*n - 26434. Is n a composite number?
False
Suppose 10*q = 38 + 2. Suppose 0 = -4*l - 3*g + 3514, g = -g + q. Is l composite?
False
Let d = -18 + 18. Let v(r) = r**2 - r + 233. Let z be v(d). Let f = -112 + z. Is f prime?
False
Let g(z) = 4203*z - 22. Let k be g(5). Suppose -4*a = c + 2*c - k, 3*a = 4*c - 28024. Is c prime?
False
Let g(d) = 14*d**3 + 8*d - 10. Let y be g(7). Let h = y + -3283. Is h composite?
True
Is (-56525)/(-4) - 19/76 composite?
True
Suppose 16*a = 21*a + 5570. Is (a/4)/(4/8*-1) prime?
True
Let r be 12*(-7)/(84/(-16)). Let t be 1*(-4)/(r/(-428)). Let i = t - 74. Is i composite?
True
Let h(q) = -383*q + 36. Let o(z) = 96*z - 9. Let b(f) = -2*h(f) - 9*o(f). Let j be b(5). Let r = 1067 + j. Is r a composite number?
True
Is (-321010)/(-22) - (-20)/(-55) composite?
False
Is 3228 - 35*(-3)/(-15) composite?
False
Let u = -105 - -2247. Is 21/42 - (u/(-4) + -2) prime?
False
Suppose 0 = 69*r - 72*r + 3*p + 35982, 4*p - 23982 = -2*r. Is r a prime number?
False
Suppose 70123 = 5*u - 23282. Suppose -12*v - v + u = 0. Is v prime?
False
Let m = 3395 - 258. Is m composite?
False
Let y(p) = p + 1. Let i(w) = -313*w**2 + w + 3. Let f(z) = -i(z) - 2*y(z). Is f(-2) a composite number?
True
Suppose -3*x - 1257 = 2*w - 6*x, 5*w + 2*x + 3171 = 0. Let j = w + 898. Is j a prime number?
False
Let u be (-3)/((-9)/(-3)) + -4. Is 1042/((u + -1)*1/(-3)) a prime number?
True
Suppose -g - 3*f = -7*f + 4390, 5*f = g + 4395. Let t = 2538 + g. Is (-4)/(-14) + t/(-56) a prime number?
False
Suppose -2*q = -3*z - 144, -3*z + 88 + 56 = 2*q. Suppose q*o + 1535 = 77*o. Is o prime?
True
Suppose -5*g - s - 2673 = -17346, -8795 = -3*g - 5*s. Is g a prime number?
False
Suppose 8370 = -5*v + 10*v. Let p(b) = -2*b**3 - 12*b**2 - 6*b + 4. Let x be p(-9). Suppose 0 = -5*r - x + v. Is r a composite number?
True
Suppose -335 = -4*x + 509. Suppose 5*o - 205 = b, 24 = 5*o + 5*b - x. Let p = o + -28. Is p a prime number?
False
Let y = -2232 - -3593. Is y a prime number?
True
Let d(a) = -a**3 - 27*a**2 - 4*a + 97. Is d(-32) prime?
False
Let c(s) = -s**3 - 8*s**2 - 6*s + 9. Let l be c(-7). Let d(j) = 32*j**2 - 3*j + 5. Is d(l) a composite number?
False
Suppose -2*i - 3*b + 1 = 0, -14*i - 5*b + 7 = -12*i. Suppose 3*d + d - 24 = 0. Is 2/i + 1617/d prime?
True
Let d(a) = -5*a**3 + a - 1. Let y be d(-3). Suppose -2*j + 1022 = 5*u, -u = -3*j + y + 1436. Is j composite?
False
Let q(a) = 304*a - 123. Is q(26) prime?
False
Let j = 11182 - -22339. Is j a prime number?
True
Let l(q) = -361*q + 117. Is l(-14) composite?
False
Suppose 4*h + 8 = -4*q, q - 22 + 0 = 5*h. Is 215 + -3 + 3 + h a prime number?
True
Is (3/(-6))/(1/(-2738)) a prime number?
False
Suppose 0 = -4*b - 0 + 8. Suppose -3877 = -b*n + o, 3*n - 9670 = -2*n - 5*o. Is n prime?
False
Let n = 2923 - 1854. Is n composite?
False
Let k be 4*4*(-5)/(-40). Suppose 2*r - 3*w = 3*r - 227, 4*r + k*w = 928. Is r prime?
True
Let s = 66 + -64. Suppose 446 = s*p - 0*p. Is p composite?
False
Let f(s) = -31*s + 7. Let b be f(-4). Suppose 64 = 5*p - b. Is p a prime number?
False
Is (39398/2 - -3) + 19 + -24 prime?
True
Suppose -2*q + 20 = 3*q. Suppose -7*l - 2*f = -3*l + 4020, 5*l + 5028 = -q*f. Is (l/(-12))/(2/6) prime?
True
Let u be 20/130 - 4026/(-26). Suppose -u = -g + 288. Is g composite?
False
Let g(d) = d - 6. Let y be g(0). Let f = y + 6. Suppose z - 105 - 18 = f. Is z a composite number?
True
Let c(x) = 2*x - 10. Let q be c(6). Suppose 5*d + 2 = 22, 4*n - q*d - 132 = 0. Suppose o + 4*i - n = 0, -4*o - i + 235 = -4*i. Is o prime?
False
Let p = -458 - -979. Is p composite?
False
Suppose 0 = -3*d + 5*i - 43, i + i - 4 = -d. Let k = -3 - d. Suppose -4*x = 3*u - 149, -2*u + 101 = -0*u + k*x. Is u a prime number?
True
Let m(c) = 32*c + 101. Is m(25) a prime number?
False
Suppose -3*q = -5*y - 107, -37 = -q - 3*y + 4*y. Is q composite?
True
Suppose 15407 = 5*p - u - 49817, p + 3*u - 13048 = 0. Is p a prime number?
False
Is ((-95154)/(-18))/((-6)/(-90)) composite?
True
Let b(n) = 135*n**2 + 9*n + 5. Is b(-4) a composite number?
False
Let j = -7120 - -26355. Is j composite?
True
Suppose -602912 - 226642 = -22*z. Is z a composite number?
True
Let l = 17 - 13. Suppose 3*m - l - 479 = 0. Is m prime?
False
Let o(t) = 129*t**2 + 13*t + 17. Is o(-6) a composite number?
False
Let t(v) be the second derivative of -3*v**5/4 + v**4/4 + 2*v**3/3 + 3*v**2/2 - 7*v. Suppose -2*c + 16 = -5*c - 2*b, 2*b + 6 = 2*c. Is t(c) prime?
True
Let q(t) = t**3 - 5*t**2 + 4*t + 4. Let w be q(4). Suppose -w*h + g + 6497 = 0, -2*g = -0*h - 2*h + 3256. Is h composite?
True
Let h(z) = 35*z**2 + 32*z + 187. Is h(-14) a composite number?
False
Suppose -5*m - k = -m - 9801, 0 = -m + k + 2444. Let v = -1242 + m. Is v composite?
True
Let y(j) = -3*j + 19. Let u be y(5). Suppose -u*v + 76 = -0*v. Is v composite?
False
Let v(o) = -o**3 - 5*o**2 - 2*o - 1. Let b be v(-5). Let n(k) be the third derivative of k**5/60 - 2*k**3/3 + 4*k**2. Is n(b) a prime number?
False
Let x(l) = 27*l**2 - 11*l + 11. Let j = 58 + -64. Is x(j) a prime number?
True
Suppose -20 = 8*k - 13*k. Suppose 2667 + 593 = k*q. Is q a composite number?
True
Suppose 3*u + 39 = b, -6*b = u - 3*b + 3. Is 633/2*u/(-18) composite?
False
Suppose 4*h = -m + 16, -4*h = -m - 0*m + 32. Suppose -318 = -j - m. Suppose -1454 = -5*q - i, -q - 5*i = -8*i - j. Is q prime?
False
Let q(d) = -d**3 - 15*d**2 + 5. Let a be q(-15). Suppose -4*x + 2*t - 2 = 0, -3*t + 5 = a*x - 4*t. Suppose 0*h + h - 84 = -s, -3*s = -x*h - 267. Is s prime?
False
Let a = 21245 - -12812. Is a composite?
False
Suppose 18*q - 111933 = 9*q. Is q a prime number?
True
Let h = -2798 - -5301. Is h composite?
False
Suppose -40329 = 27*t - 36*t. Is t composite?
False
Let r(c) = 6. Let d(z) = -z + 6. Let g(x) = -3*d(x) + 2*r(x). Let k be g(4). Suppose 3*l - k*l = -1407. Is l prime?
False
Let t = 2640 + -1417. Let l = 468 - t. Let n = l + 1290. Is n composite?
True
Let z = 46298 - 31513. Is z composite?
True
Let j = 11 + 3. Suppose -2*i + 3*f + j = 0, 4*i + f = 3*f + 28. Suppose i*m - 5*m = 502. Is m prime?
True
Let l = 5828 - 3949. Is l composite?
False
Let l(c) = c + 3. Let u be l(-5). Is (-5